 remainder when 4205736 is divided by 323508?
132
What is the remainder when 374529 is divided by 109?
5
Calculate the remainder when 18379691 is divided by 1396.
1351
What is the remainder when 2124550 is divided by 700?
50
What is the remainder when 8626046 is divided by 133?
65
Calculate the remainder when 446387526 is divided by 148795835.
21
What is the remainder when 3205375 is divided by 14183?
17
Calculate the remainder when 459698 is divided by 209.
107
Calculate the remainder when 1734142 is divided by 271.
13
What is the remainder when 2857932 is divided by 1560?
12
Calculate the remainder when 57772 is divided by 817.
582
Calculate the remainder when 382171 is divided by 2047.
1429
What is the remainder when 10332411 is divided by 698?
615
Calculate the remainder when 1076401 is divided by 358800.
1
Calculate the remainder when 148177 is divided by 73483.
1211
Calculate the remainder when 138900099 is divided by 22.
19
What is the remainder when 10407 is divided by 892?
595
Calculate the remainder when 6004581 is divided by 8909.
8824
Calculate the remainder when 3296712 is divided by 2970.
12
What is the remainder when 586449 is divided by 132?
105
Calculate the remainder when 42555630 is divided by 3411.
3405
Calculate the remainder when 2959192 is divided by 3502.
2
Calculate the remainder when 29471290 is divided by 191.
181
Calculate the remainder when 16677361 is divided by 656.
529
What is the remainder when 28715055 is divided by 7178761?
11
What is the remainder when 344202 is divided by 841?
233
What is the remainder when 8630903 is divided by 3199?
1
Calculate the remainder when 902655 is divided by 20.
15
Calculate the remainder when 566968668 is divided by 32.
28
What is the remainder when 146248314 is divided by 59?
58
What is the remainder when 928373 is divided by 1557?
401
Calculate the remainder when 159540 is divided by 31682.
1130
What is the remainder when 6283638 is divided by 596?
10
Calculate the remainder when 78996 is divided by 7176.
60
What is the remainder when 24820 is divided by 12113?
594
What is the remainder when 7721 is divided by 7345?
376
Calculate the remainder when 120105 is divided by 205.
180
Calculate the remainder when 100941395 is divided by 34952.
19
What is the remainder when 923674 is divided by 207?
40
What is the remainder when 5097035 is divided by 3592?
3579
What is the remainder when 1235143 is divided by 617547?
49
Calculate the remainder when 5395 is divided by 496.
435
Calculate the remainder when 1838401 is divided by 557.
301
Calculate the remainder when 26536580 is divided by 11178.
8
Calculate the remainder when 96682 is divided by 597.
565
What is the remainder when 68861 is divided by 17131?
337
What is the remainder when 2028743 is divided by 261?
251
What is the remainder when 955341 is divided by 593?
18
What is the remainder when 664267 is divided by 85?
77
Calculate the remainder when 25879487 is divided by 455.
452
What is the remainder when 693342 is divided by 231096?
54
What is the remainder when 808306 is divided by 807745?
561
Calculate the remainder when 2494836 is divided by 39600.
36
Calculate the remainder when 62203 is divided by 30587.
1029
What is the remainder when 11660181 is divided by 466407?
6
What is the remainder when 123813 is divided by 884?
53
What is the remainder when 286672 is divided by 61?
33
What is the remainder when 63158325 is divided by 257789?
20
Calculate the remainder when 84887009 is divided by 13.
12
What is the remainder when 6833808 is divided by 3957?
69
What is the remainder when 17543764 is divided by 13321?
7
What is the remainder when 22911 is divided by 1349?
1327
What is the remainder when 24528332 is divided by 1274?
10
What is the remainder when 17566 is divided by 7827?
1912
What is the remainder when 194202 is divided by 841?
772
Calculate the remainder when 1119365 is divided by 50876.
93
What is the remainder when 1068850 is divided by 23?
17
Calculate the remainder when 23023461 is divided by 1918620.
21
What is the remainder when 1279205 is divided by 255796?
225
What is the remainder when 41095 is divided by 8093?
630
Calculate the remainder when 64353239 is divided by 90.
89
Calculate the remainder when 32443495 is divided by 140448.
7
What is the remainder when 2339410 is divided by 137610?
40
What is the remainder when 28481 is divided by 1552?
545
What is the remainder when 435811795 is divided by 41?
40
What is the remainder when 55168673 is divided by 688?
17
What is the remainder when 9316623 is divided by 448?
15
Calculate the remainder when 13030082 is divided by 7062.
692
Calculate the remainder when 102807 is divided by 2113.
1383
What is the remainder when 62981 is divided by 13228?
10069
Calculate the remainder when 56384 is divided by 914.
630
Calculate the remainder when 90260 is divided by 1115.
1060
What is the remainder when 1459081 is divided by 541?
4
What is the remainder when 1296002 is divided by 640?
2
Calculate the remainder when 450295 is divided by 640.
375
Calculate the remainder when 106065469 is divided by 1046.
23
What is the remainder when 272045 is divided by 108?
101
What is the remainder when 1035540 is divided by 53?
26
What is the remainder when 7610518 is divided by 53?
36
What is the remainder when 629 is divided by 137?
81
Calculate the remainder when 4035188 is divided by 7445.
7443
What is the remainder when 19843932 is divided by 14?
10
What is the remainder when 184421211 is divided by 461?
5
Calculate the remainder when 1590600 is divided by 179.
6
What is the remainder when 1649526 is divided by 824507?
512
Calculate the remainder when 776208 is divided by 8721.
39
What is the remainder when 5518 is divided by 5460?
58
What is the remainder when 140413 is divided by 2368?
701
What is the remainder when 673177 is divided by 673006?
171
Calculate the remainder when 1618079 is divided by 809031.
17
Calculate the remainder when 84691465 is divided by 189.
187
What is the remainder when 1321852 is divided by 69568?
60
Calculate the remainder when 89273 is divided by 2349.
11
What is the remainder when 1052187 is divided by 70145?
12
Calculate the remainder when 13484 is divided by 754.
666
What is the remainder when 6678198 is divided by 30?
18
What is the remainder when 30183 is divided by 533?
335
What is the remainder when 98940 is divided by 49421?
98
Calculate the remainder when 10768295 is divided by 128.
39
What is the remainder when 186013 is divided by 2775?
88
What is the remainder when 2006586 is divided by 68?
42
Calculate the remainder when 9630078 is divided by 20.
18
Calculate the remainder when 99448 is divided by 895.
103
What is the remainder when 40843681 is divided by 1181?
1158
What is the remainder when 8623827 is divided by 8623826?
1
Calculate the remainder when 688 is divided by 24.
16
What is the remainder when 67039 is divided by 12758?
3249
Calculate the remainder when 348963 is divided by 69784.
43
What is the remainder when 609715 is divided by 304796?
123
Calculate the remainder when 14649272 is divided by 140.
92
What is the remainder when 1405215 is divided by 66914?
21
Calculate the remainder when 6601 is divided by 642.
181
What is the remainder when 530294 is divided by 614?
412
What is the remainder when 414427 is divided by 9212?
9099
Calculate the remainder when 2799605 is divided by 335.
10
Calculate the remainder when 5729333 is divided by 1909751.
80
Calculate the remainder when 26875 is divided by 22409.
4466
Calculate the remainder when 201259 is divided by 18286.
113
What is the remainder when 250342 is divided by 2157?
130
What is the remainder when 444202 is divided by 406?
38
Calculate the remainder when 782903 is divided by 130017.
2801
What is the remainder when 55800305 is divided by 55800257?
48
What is the remainder when 306164 is divided by 615?
509
What is the remainder when 135356 is divided by 15037?
23
Calculate the remainder when 1339207 is divided by 94.
83
Calculate the remainder when 8739031 is divided by 22.
15
Calculate the remainder when 1042181 is divided by 85.
81
Calculate the remainder when 208907 is divided by 2392.
803
What is the remainder when 69173 is divided by 2172?
1841
What is the remainder